 = -v - 2. What is the tens digit of h(v)?
1
Let p(z) = -z**2 - 6*z - 5. Let s be p(-5). Let c be 3*(-1 + 2) + 0. Suppose -4*d + 29 + c = s. What is the units digit of d?
8
Suppose 5*m - 28 - 17 = 0. Suppose 13*f - m*f - 208 = 0. What is the tens digit of f?
5
Let z(o) = -1 + 1 - o. What is the units digit of z(-7)?
7
Let n = -64 + 109. What is the tens digit of n?
4
Let p = -4 - 1. What is the units digit of (15/p)/((-1)/9)?
7
Let n(b) = 5*b**2 + 3*b. Let l(j) = 4*j. Let m(u) = 3*u - 1. Let q(x) = 2*l(x) - 3*m(x). Let z be q(5). What is the units digit of n(z)?
4
Let z(i) = i**2 + 3*i - 1. Let b be z(4). Let t be 2*3*b/(-6). Let c = -19 - t. What is the units digit of c?
8
Suppose 2*d - 4*d = 0. Suppose -5*q + 80 = -d*t + 2*t, -2*t + 10 = 0. What is the tens digit of q?
1
Let z = -75 + 126. What is the tens digit of z?
5
Suppose -4*u + 2*b = -2*b - 172, -3*u = 4*b - 101. What is the tens digit of u?
3
Let o(g) = g**3 + g + 1. Let y(b) = 6*b**3 - 9*b**2 + 11*b - 1. Let i(m) = 5*o(m) - y(m). Let s be i(8). Suppose s - 6 = 4*t. What is the units digit of t?
4
What is the tens digit of 12 - (2 + -4 - -3)?
1
Let s(u) = -3*u**2 - 9*u - 4. Let f be s(-7). Let q = -52 - f. What is the tens digit of q?
3
Suppose -18 = -2*f - 3*c, 0*c = 2*f - 3*c + 6. What is the units digit of f?
3
Let o(s) = 7*s - 1. Let d be o(1). Let r(u) = -u**3 + 6*u**2 + 2*u - 5. Let b be r(d). Suppose 0 = -b*c + 2*c + 45. What is the units digit of c?
9
Let n(g) = g**3 - 5*g**2 + 8*g - 5. Suppose 3*s - 30 = 3*q, -5*q = -2*s - 0*s + 35. What is the units digit of n(s)?
5
Suppose -2*v = -7*v - 15. Let t be (v*2)/(6/(-9)). Suppose -3*k - 3 + t = 0. What is the units digit of k?
2
Let s = 140 + -78. What is the units digit of s?
2
Let y(s) = s**3 - 5*s**2 - 4*s - 4. Let l = 13 + -9. Suppose 32 = 5*f - w, -14 = -l*f + 4*w - 9*w. What is the units digit of y(f)?
8
Suppose n - 5*p + 2*p + 31 = 0, 2*p + 71 = -3*n. Let g = 35 + n. What is the tens digit of g?
1
Let c = -17 - -48. What is the tens digit of c?
3
Let m(a) = -a**2 + 6*a + 1. Let p be m(3). What is the tens digit of 476/20 - (-2)/p?
2
Let x = 15 - 12. What is the tens digit of 0 + (20 - -3) - x?
2
Suppose 0 = -2*n + 6, 0*n - n - 481 = -4*w. What is the tens digit of w?
2
Suppose 3*m - 477 = -4*d + 481, 2*m - 4 = 0. What is the hundreds digit of d?
2
Let r = 19 - 5. What is the tens digit of r?
1
Suppose -4*u = -7 - 21. Suppose u*d = 2*d + 145. Let m = d - 16. What is the units digit of m?
3
Suppose -5*y + 21 - 6 = 0. Suppose 0 - y = -x. Suppose 0 = x*c - 0*c - 30. What is the tens digit of c?
1
Let u = -11 - -14. Suppose -2*k = -u*k + 5. Suppose -2*x - 11 - 15 = -4*t, k*x = 5*t - 40. What is the units digit of t?
5
Suppose 0 = 5*y, -6 = -n + 4*y + 185. What is the tens digit of n?
9
Let u be (5 + -11)*(-2)/4. Suppose 126 = -u*n + 21. What is the units digit of n/(-20) - (-2)/8?
2
Suppose 321 + 94 = 5*t. What is the tens digit of t?
8
Let p(h) = 5*h - 2*h**2 + 4*h**2 + 2 + 2. Let t be p(-6). Suppose 4*a - 2 - t = 0. What is the tens digit of a?
1
Suppose -200 = -4*a + 4*o, 2*o = o - 4. What is the tens digit of a?
4
Let m(c) = 7*c**2 + 3*c - 5. What is the units digit of m(2)?
9
Let g be (-1)/(-4) + 63/4. Suppose -2*z + 2 - g = 0. What is the units digit of 4/(-14) - 37/z?
5
Suppose 6 = 2*c - 4*i, -c - 4*i = -5*i - 4. Let l(v) = v + 6. What is the units digit of l(c)?
1
Suppose 3*v - 7 = h + 4*h, 23 = 5*v + 3*h. Suppose -j - v*t - 32 = -2*j, -j = -5*t - 28. What is the units digit of j?
8
Let r(j) = 6*j**3 - j**2 + j - 1. Let h = 3 - 9. Let q be ((-3)/((-9)/h))/(-2). What is the units digit of r(q)?
5
Suppose h + 34 = 3*k + 3*h, 5*k - 55 = -5*h. Suppose 0 = y - j - 2*j - k, -4*y + j + 26 = 0. What is the units digit of y?
6
Let t = -24 + 14. What is the units digit of ((-4)/t)/(11/1265)?
6
Let r(u) = u - 7. Let j be r(0). Suppose 0 = 2*t - 4*b + 16, -5*b - 13 = 5*t - 6*b. Let a = t - j. What is the units digit of a?
5
Let s(h) = 8*h + 1 - h**2 + 15 + 4*h - 1. What is the units digit of s(11)?
6
Suppose 0*f = -4*f + 192. Suppose 5 - 53 = 4*g - y, 3*y + f = -4*g. Let o = g - -25. What is the tens digit of o?
1
Suppose -16*l + 12*l + 284 = 0. What is the tens digit of l?
7
What is the tens digit of 268/8 + (-1)/(-2)?
3
Let u(a) = 3*a + 3. Let k be u(5). Suppose -c - 5*f = k, c + 4*f + 13 = -0*f. What is the units digit of c?
7
Suppose 0 = 3*g + 3 - 0. Let j be 6*(1 + (-3 - g)). What is the tens digit of (9/j)/(3/(-20))?
1
What is the units digit of (29 - 6)*-2*(-1 + -3)?
4
Let i = -22 + 45. Suppose -i = -2*d + 5*c, -3*c = 2*d + 3 - 2. Suppose -5*t - d*l - 3 + 1 = 0, 5*l = -2*t - 11. What is the units digit of t?
2
Suppose -11 = -3*u + 34. Suppose 8*z - 3*z = u. What is the units digit of z?
3
Suppose -2*d + 28 + 28 = 0. What is the tens digit of d?
2
Suppose 1 = -2*y + 7, 2*s - 303 = -5*y. What is the tens digit of s?
4
Suppose 39 + 381 = 6*c. What is the units digit of c?
0
Let m(c) = -6*c + 8*c - 1 + 16. What is the units digit of m(11)?
7
Let u be ((-4)/(-10))/((-7)/(-35)). Suppose -45 = -3*s + 15. Suppose -u*l = 3*w - 7, 5*w = -l + 4*l - s. What is the units digit of l?
5
Let n(j) = -j**3 + j**2 + j. Let k be n(2). Let o be (k/4)/((-2)/44). Suppose 2*x - o = -5*y, 3*x = 2*y + 4*x - 5. What is the units digit of y?
1
Let g(f) = -4*f - 3 + 6 - 1 - 4. What is the tens digit of g(-4)?
1
Suppose q = -3*p + 49, 5*p - 50 = -3*q + 77. Let o = -25 + 5. Let g = q + o. What is the units digit of g?
4
Let s = 0 - -2. Suppose o - 1 = s. What is the units digit of o?
3
Suppose h - 4*h + 132 = 0. What is the tens digit of h?
4
Let x(l) = l**3 + 8*l**2 - 5*l - 4. Let f be x(-8). Suppose -5*n + f = -3*n. What is the tens digit of n?
1
Suppose j - 2*l - 1 = 4, -4*l = j + 1. Suppose 9 = 2*s + j. Suppose 0*f = -s*f + 12. What is the units digit of f?
4
Let s(k) = -405*k**3 + 2*k + 2. What is the hundreds digit of s(-1)?
4
Let v = 3 + 9. What is the tens digit of v?
1
Let n = 50 - 31. Suppose -5*r + n + 166 = 0. What is the tens digit of r?
3
Let i = -146 - -260. What is the tens digit of i?
1
What is the hundreds digit of -4 + 22/(4/((-28)/(-1)))?
1
Let c(b) = 2*b**3 - 5*b**2 + b + 7. Let j be c(5). Suppose -3*s - 14 = -j. Suppose -2*i = -10, -4*i + 9*i = -2*a + s. What is the units digit of a?
8
Suppose 0 = 5*a + 4*x - 72, 90 - 12 = 5*a + x. What is the units digit of a?
6
What is the tens digit of 4/22 + (-7130)/(-110)?
6
Let a = 3 + -4. Let o be -2 + 5 + (a - 0). What is the units digit of (-2 + -1 + o)*-1?
1
Let o = 14 - 13. What is the units digit of 48/2 + 3*o?
7
Let b(s) = 7*s**3 - s**2 + s - 1. Let m be 2 - (-1 - -4) - -4. Let n = m + -2. What is the units digit of b(n)?
6
Let q(v) = 13*v**2 - v - 2. What is the units digit of q(-2)?
2
Let y be 8/8 - 1*-1. Suppose 2*l + 4*g = 20, y*g + g = l + 15. Let f = 9 - l. What is the units digit of f?
9
Let w(z) = -7*z - z**2 + 13 - 14 + z. What is the units digit of w(-5)?
4
Let v(d) = d**2 + 3*d + 6. Let g be v(-3). Suppose -4*b + 84 = -5*y + y, b + 2*y = g. What is the units digit of b?
6
Let m = 16 + -7. Let n be (-25)/(-3) + (-3)/m. Suppose 4*k - 5*s - n = -s, -5*k = -3*s - 12. What is the units digit of k?
3
Suppose -3*d - 28 = -5*c, -d - c = 2 + 2. Let o(w) = -2*w - 9. What is the units digit of o(d)?
3
Let w(k) = 6*k**2 - 4*k - 11. What is the tens digit of w(7)?
5
Let v be (18/(-3))/(2/(-3)). What is the units digit of 2/v - (-122)/18?
7
What is the units digit of (-164)/(-6) + (7 - (-114)/(-18))?
8
Let f(v) = v + 21. What is the units digit of f(16)?
7
Suppose -3 = -2*z + 3. What is the units digit of z?
3
Let z = -117 + 81. Suppose -580 = 2*i + 3*i. What is the units digit of i/z + (-2)/9?
3
Let v = 0 + 13. Suppose -4*c + 3*g = -2*g - v, -5 = 5*g. Suppose -l + 7 = -0*l - 3*p, 0 = -c*p. What is the units digit of l?
7
Let y(v) = -2*v**3 - v**2 + v + 1. Let k be y(-1). Let o be -1 + (k - -2) + 1. What is the units digit of 8/12 + 28/o?
0
Suppose c + 29 = 316. What is the units digit of c?
7
Suppose -8*d + 4*d + 4*s = -244, -5*s - 15 = 0. What is the tens digit of d?
5
Let v(i) = -i**2 - 17*i - 13. What is the tens digit of v(-14)?
2
Suppose 4*b - 20 = 16. Let y be (1 + 1)/4*0. Let k = b - y. What is the units digit of k?
9
Let z = -9 - -17. Let c = 6 - z. What is the units digit of 